isor of 22797920 and 1480.
1480
Calculate the greatest common factor of 13882404 and 306.
102
Calculate the greatest common divisor of 34 and 655882933.
17
Calculate the greatest common divisor of 1951114 and 21353.
131
What is the highest common factor of 36 and 60547482?
18
Calculate the highest common factor of 39933 and 8454834.
783
Calculate the highest common factor of 4122 and 502539126.
1374
Calculate the greatest common factor of 250 and 10509600.
50
Calculate the greatest common divisor of 5247 and 318483.
99
Calculate the highest common divisor of 140573260 and 20.
20
What is the greatest common factor of 181 and 492424437?
181
What is the highest common factor of 15765296 and 16?
16
What is the highest common factor of 740920 and 180?
20
What is the greatest common factor of 62 and 1119131?
31
What is the greatest common factor of 58117040 and 160?
80
Calculate the greatest common divisor of 415250 and 1430.
110
What is the greatest common factor of 26164136 and 8?
8
What is the greatest common factor of 58496 and 4912?
16
What is the greatest common divisor of 401590 and 3?
1
What is the highest common divisor of 28175 and 2123268?
1127
What is the highest common factor of 3113 and 982333?
11
What is the greatest common divisor of 1683 and 2635952?
187
Calculate the greatest common factor of 14 and 387307942.
14
What is the highest common divisor of 44625 and 2905875?
2625
Calculate the highest common divisor of 315 and 900991980.
315
What is the greatest common factor of 8984295 and 2915?
265
Calculate the highest common factor of 2960 and 973285.
185
Calculate the greatest common factor of 1734031673 and 131.
131
What is the greatest common factor of 1740 and 1247232?
348
What is the highest common divisor of 1911 and 143330733?
1911
What is the highest common divisor of 66368309 and 10255?
2051
Calculate the greatest common factor of 595 and 5075095.
85
Calculate the highest common factor of 119096 and 26712.
8
Calculate the highest common factor of 61 and 6282.
1
Calculate the highest common divisor of 668 and 135300394.
334
Calculate the greatest common divisor of 16660036 and 4.
4
Calculate the highest common factor of 120 and 1869090.
30
What is the highest common factor of 13 and 8185242?
13
What is the greatest common factor of 7265366 and 4558?
86
What is the greatest common divisor of 32 and 1161597?
1
Calculate the highest common divisor of 24318 and 1262799.
1737
What is the highest common factor of 900 and 52562?
2
What is the highest common factor of 2082 and 302846679?
1041
What is the highest common divisor of 3092761721 and 2317?
2317
What is the highest common factor of 9613767 and 9603?
291
Calculate the highest common factor of 612306 and 702.
54
What is the highest common divisor of 145871 and 26572018?
979
Calculate the greatest common divisor of 123156234 and 54.
54
What is the highest common divisor of 12948830 and 72210?
830
Calculate the highest common factor of 2621136 and 1792.
112
Calculate the highest common divisor of 20293 and 42003388.
1561
What is the highest common factor of 7834423 and 463?
463
Calculate the greatest common divisor of 36381029 and 1691.
19
Calculate the greatest common factor of 786745 and 17.
1
What is the highest common divisor of 73 and 37527694?
73
Calculate the greatest common factor of 360 and 1813928.
8
What is the greatest common divisor of 299440306 and 803?
803
What is the highest common factor of 203 and 89992?
7
What is the greatest common factor of 369 and 12104553?
123
Calculate the greatest common factor of 780 and 941148.
156
What is the highest common factor of 736770 and 138990?
1230
Calculate the highest common divisor of 7544 and 3343878.
1886
What is the highest common divisor of 1152 and 32123712?
192
What is the highest common factor of 19051736 and 213070?
3278
Calculate the greatest common divisor of 507 and 40411215.
39
What is the greatest common factor of 780 and 117720?
60
Calculate the greatest common divisor of 195 and 1934985.
195
What is the greatest common divisor of 16672 and 608007?
521
What is the highest common factor of 309008 and 891157?
2759
Calculate the highest common factor of 115 and 60007.
23
What is the greatest common divisor of 1655 and 10705864?
331
What is the greatest common factor of 81044718 and 16260?
1626
Calculate the greatest common factor of 396 and 38828504.
44
Calculate the greatest common factor of 18818807 and 1065043.
4571
Calculate the highest common divisor of 84452039 and 68.
17
What is the greatest common factor of 42915784 and 8?
8
What is the greatest common factor of 18 and 38493594?
18
What is the highest common divisor of 7315 and 4039805?
385
What is the highest common divisor of 152560107 and 63?
63
What is the highest common divisor of 89473 and 40217?
131
Calculate the highest common factor of 140899287 and 3.
3
Calculate the highest common factor of 29260406 and 2841.
947
Calculate the greatest common divisor of 416 and 8152131.
13
Calculate the greatest common divisor of 1210 and 18449596.
242
Calculate the highest common divisor of 10454994 and 2244.
66
What is the greatest common divisor of 22879 and 666664?
167
What is the greatest common factor of 4879 and 4218613?
287
What is the highest common divisor of 129625 and 27200?
425
What is the highest common divisor of 11595 and 37815?
15
What is the highest common factor of 8988 and 166572357?
2247
Calculate the highest common factor of 241659592 and 388.
388
What is the highest common factor of 17091 and 62613?
81
What is the greatest common divisor of 740 and 3246713?
37
Calculate the highest common divisor of 15059544 and 1784.
8
What is the highest common divisor of 162 and 103313178?
54
What is the greatest common divisor of 264 and 30652204?
44
What is the highest common divisor of 10688888 and 2608?
1304
Calculate the highest common factor of 3780 and 7413420.
420
What is the greatest common divisor of 425 and 3009?
17
What is the highest common factor of 2992 and 982256?
176
What is the highest common divisor of 697 and 6234121?
17
Calculate the highest common divisor of 154 and 18392682.
154
Calculate the highest common divisor of 41425296 and 1008.
48
What is the highest common divisor of 2255934 and 138720?
1734
What is the greatest common divisor of 54262 and 78026?
26
What is the greatest common factor of 89471636 and 3492?
388
What is the greatest common divisor of 110399 and 6413?
53
Calculate the highest common factor of 3984 and 26003651.
83
What is the highest common divisor of 557529 and 112881?
573
Calculate the highest common factor of 253 and 17669911.
23
Calculate the highest common divisor of 2646 and 300024.
54
What is the highest common factor of 1644238 and 629864?
3662
What is the greatest common factor of 62976 and 81248?
32
What is the highest common factor of 54992508 and 25828?
2348
What is the greatest common factor of 409788775 and 44?
11
What is the greatest common divisor of 19182 and 24186?
834
Calculate the greatest common divisor of 3472215 and 30.
15
Calculate the highest common divisor of 132368 and 2256.
16
Calculate the highest common factor of 15600 and 284752.
208
What is the greatest common divisor of 44160 and 66510848?
2944
What is the greatest common divisor of 833060 and 2829?
23
Calculate the greatest common factor of 11064865 and 20.
5
Calculate the greatest common factor of 420 and 59148105.
15
Calculate the greatest common factor of 54610381 and 254.
127
Calculate the greatest common factor of 931 and 163058.
133
What is the highest common divisor of 13665144 and 41208?
408
Calculate the highest common factor of 11 and 59029.
1
What is the greatest common factor of 8581980 and 25?
5
What is the greatest common factor of 2710 and 385130?
10
What is the highest common divisor of 30044 and 57757?
259
Calculate the highest common divisor of 848 and 73968390.
106
Calculate the greatest common factor of 278236 and 116147.
19
Calculate the highest common factor of 429933 and 531.
177
What is the greatest common divisor of 393876475 and 100?
25
What is the greatest common divisor of 34 and 1123904?
34
Calculate the highest common factor of 5876 and 7458828.
52
What is the greatest common factor of 9